r - 3 - r**2 + 2. Let z be d(7). Suppose z*i = i + 108. What is the remainder when i is divided by 19?
16
Suppose 7*l + l = 704. What is the remainder when ((-3)/(-2))/(12/l) is divided by 6?
5
Suppose r = -6*z + 11*z - 15, -3*z + 2*r + 2 = 0. Calculate the remainder when 54 is divided by z.
2
Suppose 3*f - 2*v - 114 = -5*v, 132 = 4*f - v. Let k = 388 + -188. Calculate the remainder when k is divided by f.
30
Suppose -74*u = -60*u - 896. Calculate the remainder when u is divided by 41.
23
Suppose -13*n + 15*n = -2*t + 584, 2*t - 585 = -n. Calculate the remainder when t is divided by 74.
71
Let p be -31 - 1*(-7 + 2). What is the remainder when 169 is divided by (p/4 + 7)*(32 + 2)?
16
Suppose n - 16 = -y, -4*y = -5 - 15. Suppose -s - n = -0*s + 4*b, 0 = 2*s + 5*b + 10. Suppose s*c - 189 = -34. What is the remainder when c is divided by 11?
9
Suppose 0 = -p - 5*f + 7*f + 181, 5*f = -5*p + 935. What is the remainder when p is divided by 27?
23
Let w = 7 - -264. What is the remainder when w is divided by 39?
37
Suppose -4*i + 39 = 13*t - 10*t, -2*t + 26 = 5*i. Calculate the remainder when 427 is divided by t.
11
Suppose 2 + 8 = 2*g. Let k(b) = b**3 - 3*b**2 - 5*b + 6. Calculate the remainder when k(g) is divided by (-25)/(-2) - (-12)/(-32)*4.
9
Suppose -5*s + 3*a + 38 = -a, -a = -s + 8. Suppose -2*l + 30 = 3*b, -3*b + 6 = -s*b. Suppose 0 = -2*w - 93 + 235. What is the remainder when w is divided by l?
17
Let t(d) = 13*d**3 - 10*d**2 + 6. What is the remainder when 418 is divided by t(2)?
68
Let m(v) = 3*v**2 - 4 + v**2 - 5 + 15*v - 2*v**2. Let a(z) = z**2 - 7*z - 9. Calculate the remainder when a(-6) is divided by m(-9).
15
Suppose -2*x + 10 = -40. Let h be 8/12 + 4/(-6). Suppose 4*s + p - 31 = h, p = -2*s + 2*p + 11. Calculate the remainder when x is divided by s.
4
Let b = 220 + -35. Suppose 16*m = 11*m + b. Calculate the remainder when m is divided by 80/12*12/10.
5
Suppose -2*c + 37 + 55 = -2*a, -150 = -3*c - 3*a. Let q = 106 - c. What is the remainder when q is divided by 30?
28
Suppose -6*q - 4*q + 400 = 0. Suppose x - q = -33. Suppose 27 - 1 = 2*f. Calculate the remainder when f is divided by x.
6
Suppose 4*w + 6 = 2*q, 21 = 5*q - 2*w - 26. Suppose -3*d + 16 + 71 = 0. Calculate the remainder when d is divided by q.
7
Let m = -200 - -249. Let l = -9 - -14. Suppose 6*s + 4*x = 2*s + 104, l*s - 129 = -4*x. Calculate the remainder when m is divided by s.
24
Suppose 5*f = -3*u - 259, -5*f = -u - 3*u - 322. Let n = -2 - u. What is the remainder when n is divided by 14?
11
Suppose 15 = 3*w + 2*w. Let y(q) = -11*q - 92. Let c be y(-22). Suppose c = 2*r + w*r. Calculate the remainder when 118 is divided by r.
28
Suppose 0*f = -4*f + 28. Let s(l) = l**3 - 7*l**2 + 8*l - 4. Calculate the remainder when s(f) is divided by 14.
10
Suppose 2*c + 2 = 4. What is the remainder when ((c + -13)/2)/(44/(-286)) is divided by 22?
17
Let v = -7 - -14. Calculate the remainder when (16 - -2)*(-3)/(-2) is divided by v.
6
Let z(m) = 3*m**2 + 2*m - 6. What is the remainder when z(-6) is divided by 23?
21
Let u = 31 - 5. Let p be (1 - -79) + 11 + -10. What is the remainder when u is divided by (10/(-15))/((-6)/p)?
8
Let f(v) = -v**3 - 4*v**2 - v + 2. Let l = 296 + -285. What is the remainder when l is divided by f(-4)?
5
Let h = -17 + 20. Suppose -y + 135 = 4*b, -14 = -b + h*y + 23. Calculate the remainder when b is divided by 9.
7
Let t(i) = 16*i - 90. What is the remainder when t(9) is divided by 36?
18
Let w(y) = 6*y - 24. Let x be w(6). Suppose -5*p + 108 = 38. What is the remainder when (-2)/6 + 652/x is divided by p?
12
Let r(p) = 3*p + 8. Let j be r(0). Suppose -j*w + 15 = -3*w. Suppose -3*n = -2*n + w*y - 33, 0 = -n - 4*y + 31. What is the remainder when n is divided by 16?
7
Let n(o) be the third derivative of 1/2*o**3 + 0 + 0*o + o**2 - 11/24*o**4 + 1/6*o**5 + 1/120*o**6. What is the remainder when 5 is divided by n(-11)?
2
Calculate the remainder when 995/15 + (-18)/(-27) is divided by 29.
9
Suppose 1 = i - 3*t, -2*i - 2*t - 1 = -19. What is the remainder when 57 is divided by ((-29)/3)/(i/(-21))?
28
Let i(v) = 5*v**2 + 1. Let z(t) = 14*t**2 + 2. Let p(s) = 17*i(s) - 6*z(s). Let r = 131 - 135. What is the remainder when 61 is divided by p(r)?
19
Suppose i - 24 - 106 = -5*o, 90 = 4*o - 2*i. Calculate the remainder when 163 is divided by o.
13
Let u = -2 + 0. What is the remainder when 25 is divided by 4 + 2 + u/(-2)?
4
Suppose 10*u - 2 = 3*i + 5*u, -3*u = 4*i - 36. Suppose 2*h = i*h - 68. Calculate the remainder when h is divided by 9.
8
Suppose -3*g - 2*g - 5 = 0. Let n = 2 - g. Let o(c) = -c**3 + 7*c**2 - 5*c + 5. Calculate the remainder when o(n) is divided by 9.
8
Let z = -180 + 347. What is the remainder when z is divided by 14?
13
Let i be ((-6)/(-2))/((-10)/30). Calculate the remainder when 8/12 + (-84)/i is divided by 8.
2
Let i = -294 + 306. Let k = 6 - 1. What is the remainder when i is divided by k?
2
Let o = -841 - -858. What is the remainder when 84 is divided by o?
16
Suppose 2*v - 10 = 18. Let m = 21 - v. Let q(i) = -i + 8. Calculate the remainder when m is divided by q(6).
1
Suppose j + 1 = 0, 3*q - 4*j = 2*q + 4. What is the remainder when 6/(-1 - (-22)/18) is divided by (-3 - q) + -1 + 19?
12
Let y = 1730 - 1707. Calculate the remainder when y is divided by 12.
11
Let t be 2/6 - (-10)/6. Suppose 0 = -t*g + 31 + 25. Calculate the remainder when (15/18 + -1)/((-15)/4770) is divided by g.
25
Let h be (-6)/(-8)*(0 - -28). Calculate the remainder when ((-116)/(-3))/(14/h) is divided by 12.
10
Let r = 426 + -394. Calculate the remainder when 189 is divided by r.
29
Suppose -87 = k - 4*w - 313, 0 = -5*k - 2*w + 1086. Suppose -10*c = 78 - k. Calculate the remainder when 41 is divided by c.
13
Let u(i) = -11*i - 4. Let g be (-1)/3 - (-14)/6. Suppose 17 = -r - g*c - c, -4*c = -5*r - 9. What is the remainder when u(r) is divided by 13?
12
Let d(p) = -13*p**2 - 4. Let c(u) = -3*u**2 - 1. Let y(x) = -9*c(x) + 2*d(x). Let f = -10 - -6. Calculate the remainder when 65 is divided by y(f).
14
Let c = -937 + 1139. Calculate the remainder when c is divided by (34 - 6) + 1/1.
28
Let g be 30/(-4)*(1236/(-15) - 4). What is the remainder when g/90*10/4 is divided by 10?
8
Suppose 2*n + 69 = b, 4*b + 3*n = 7*b - 222. What is the remainder when b is divided by 16?
15
What is the remainder when 179 is divided by 3/7 - 17808/(-294)?
57
Let g(j) = -17*j**2 - 3*j + 2. Let m be g(2). Calculate the remainder when ((-10)/8)/(6/m) is divided by (-4)/(-10) - 38/(-5).
7
Let a(y) = y**3 + y**2 + y - 1. Let o(p) = -p**3 - 5*p**2 - 7*p + 6. Let l(d) = 5*a(d) + o(d). Calculate the remainder when 9 is divided by l(1).
0
Let l(y) = -2*y**3 - 49*y**2 + 12*y - 18. Calculate the remainder when l(-25) is divided by 77.
76
Let a(x) = 9*x**2 + 10*x + 17. Calculate the remainder when a(-3) is divided by 14.
12
Let l(r) be the third derivative of -7*r**2 + 5/12*r**4 + 0 + 0*r + 7/6*r**3 + 1/30*r**5. What is the remainder when 74 is divided by l(-6)?
17
Suppose -917 - 811 = -24*b. Calculate the remainder when b is divided by 64.
8
Let x = 691 + -583. Calculate the remainder when x is divided by 35.
3
Let f(w) = w**3 + 3*w**2 - 6*w - 3. Suppose 0 = -d + 5*i + 6, 5*d + i + 31 - 9 = 0. What is the remainder when 18 is divided by f(d)?
3
Let w = 8 + -6. Let q(c) = -7*c + 3*c**2 + 4*c**2 - c**w + 0*c**2. What is the remainder when q(5) is divided by 29?
28
Let n(z) = -z**3 - z**2 + z + 37. Let x(t) = -40*t - 112. Calculate the remainder when n(0) is divided by x(-3).
5
Let l(i) = -i**2 - i**3 - 6 - 9*i**2 - 6*i + 7*i**2. Let g = -55 - -90. Calculate the remainder when g is divided by l(-3).
11
Let q = -356 + 388. What is the remainder when q is divided by 8?
0
Suppose 0*y + u + 8 = y, 2*u + 4 = -y. Suppose -10 = -y*t + 2. Suppose 18 = t*w - 69. What is the remainder when 84 is divided by w?
26
Suppose -5*x = -5*o + 80, 3*o + 22 = 4*o - 3*x. What is the remainder when 65 is divided by o?
0
Suppose 3*h - 20 - 85 = t, -3*t - h - 275 = 0. Let a = 198 + t. What is the remainder when a is divided by 12?
9
Let h(s) = -19*s + 703. Calculate the remainder when 106 is divided by h(32).
11
Let x be 3 - (0 + 8 - 2). What is the remainder when (-2)/((-64)/(-68) - 1) is divided by (-10)/x*(-18)/(-5)?
10
Le